{"id":60,"date":"2021-10-20T15:15:19","date_gmt":"2021-10-20T05:45:19","guid":{"rendered":"https:\/\/marrangu.cdu.edu.au\/?page_id=60"},"modified":"2021-10-20T16:00:07","modified_gmt":"2021-10-20T06:30:07","slug":"about-the-project","status":"publish","type":"page","link":"https:\/\/marrangu.cdu.edu.au\/index.php\/about-the-project\/","title":{"rendered":"About the project"},"content":{"rendered":"\n<p>This text was translated from a presentation by Gawura Wanambi to the East Arnhem Regional Council Local Authority group:<\/p>\n\n\n\n<p><em>\u201cThe point of this project is to prevent my language from disappearing. We\u2019re not sure if many Yol\u014bu are thinking about this possibility or not. For myself, I know that I hold Marra\u014bu knowledge, where our country and songs begin and where they end, I know it all. But to be completely honest, I\u2019m still learning the many features of my own language. It\u2019s like the words are hiding. That\u2019s why this project is important.&nbsp;<\/em><\/p>\n\n\n\n<p><em>\u201cEvery clan has its own language. I\u2019m thinking that if I can start with my own language, I\u2019ll open doors for others to follow. It\u2019s not just about teaching languages, it\u2019s about working with Yol\u014bu who hold the languages. For example, one last old lady is still speaking straight Marra\u014bu language everyday. She has come into ARDS to record some Marra\u014bu language. I\u2019ve been learning, and I\u2019ll keep learning. Even though I\u2019m a Marra\u014bu person, I\u2019m still learning all the finer points of my own language. My sister knows them all and she will share that knowledge. I\u2019m putting it onto paper so that it\u2019s sitting there safe for later. Some might wonder how putting languages on paper will help for later but it\u2019s good, this is the time to record it! It\u2019s a training process for us. It\u2019s a really big area of training for me. Hopefully later, I\u2019ll be speaking more of my own language!&nbsp;<\/em><em><\/em><\/p>\n\n\n\n<p><em>\u201cWe don\u2019t want our ancient, original languages to disappear. Even some of our own elders have stopped using their own languages and replaced them with others. They know the words and features of their own languages, but they\u2019re hardly bringing them out and using them around us. I want to encourage those elders to bring out the languages and use them so that our languages live, so that they don\u2019t disappear.\u201d<\/em><\/p>\n\n\n\n<figure class=\"wp-block-image size-full\"><img loading=\"lazy\" decoding=\"async\" width=\"838\" height=\"523\" src=\"https:\/\/marrangu.cdu.edu.au\/wp-content\/uploads\/2021\/10\/bungul-group.png\" alt=\"\" class=\"wp-image-70\" srcset=\"https:\/\/marrangu.cdu.edu.au\/wp-content\/uploads\/2021\/10\/bungul-group.png 838w, https:\/\/marrangu.cdu.edu.au\/wp-content\/uploads\/2021\/10\/bungul-group-300x187.png 300w, https:\/\/marrangu.cdu.edu.au\/wp-content\/uploads\/2021\/10\/bungul-group-768x479.png 768w\" sizes=\"auto, (max-width: 838px) 100vw, 838px\" \/><\/figure>\n\n\n\n<p>The project involves collecting previously recorded materials, and recording new materials, including songs and stories, and enhancing them for community and pedagogical purposes. <\/p>\n\n\n\n<p>Songs and stories are being transcribed and translated and shared with community members, supplemented with commentaries, illustrations, annotations, and translations into other Yol\u014bu languages where appropriate.&nbsp;<\/p>\n\n\n\n<p><\/p>\n\n\n\n<p>Gawura has some recordings in Marra\u014bu from AIATSIS, including his father telling stories. He also has recordings of his older sister telling stories on Yol\u014bu Radio. He has begun transcribing these.<\/p>\n\n\n\n<p>ARDS had funding from ILA to develop an album of manikay called <a href=\"https:\/\/ards.com.au\/news\/nima-winners\/\">Buku-wa\u1e6fthunawuy Nininy\u014bu rom \u2013 Ancient Languages New Sounds<\/a>. It contained songs from various Dhuwa clans, which won a NIMA for Best Traditional Music in 2018. During this project, Gawura was able to create a Toolbox database with around 600 words. This project was \u2018parked\u2019 this project when the funding ran out, but thanks to First Languages Australia, support for a Priority Languages Support Project was made available from June 2020 to June 2021.<\/p>\n\n\n\n<p>The team is led by Gawura Wa\u1e49ambi, with the support of members of his clan, including Marrarrawuy Margaret Wa\u1e49ambi, Kathy Wa\u1e49ambi, Sharon Wunu\u014bmurra, and elders Ya\u014bgipuy Wa\u1e49ambi and George \u1e3au\u1e3bparr Wa\u1e49ambi. The project has been supported by Cathy Bow (CDU project manager), Hannah Harper (former linguist at ARDS) and Yasunori Hayashi (CDU Yol\u014bu Studies Co-ordinator). <\/p>\n\n\n\n<p><\/p>\n\n\n\n<p><\/p>\n\n\n\n<figure class=\"wp-block-image size-large\"><img loading=\"lazy\" decoding=\"async\" width=\"1024\" height=\"586\" src=\"https:\/\/marrangu.cdu.edu.au\/wp-content\/uploads\/2021\/10\/Raymangirr-map-1024x586.jpg\" alt=\"\" class=\"wp-image-27\" srcset=\"https:\/\/marrangu.cdu.edu.au\/wp-content\/uploads\/2021\/10\/Raymangirr-map-1024x586.jpg 1024w, https:\/\/marrangu.cdu.edu.au\/wp-content\/uploads\/2021\/10\/Raymangirr-map-300x172.jpg 300w, https:\/\/marrangu.cdu.edu.au\/wp-content\/uploads\/2021\/10\/Raymangirr-map-768x439.jpg 768w, https:\/\/marrangu.cdu.edu.au\/wp-content\/uploads\/2021\/10\/Raymangirr-map-1536x878.jpg 1536w, https:\/\/marrangu.cdu.edu.au\/wp-content\/uploads\/2021\/10\/Raymangirr-map-2048x1171.jpg 2048w, https:\/\/marrangu.cdu.edu.au\/wp-content\/uploads\/2021\/10\/Raymangirr-map-1888x1080.jpg 1888w\" sizes=\"auto, (max-width: 1024px) 100vw, 1024px\" \/><figcaption>Rayma\u014bgirr is a small homeland community in north east Arnhem Land<\/figcaption><\/figure>\n\n\n\n<p><\/p>\n","protected":false},"excerpt":{"rendered":"<p>This text was translated from a presentation by Gawura Wanambi to the East Arnhem Regional Council Local Authority group: \u201cThe point of this project is to prevent my language from disappearing. We\u2019re not sure if many Yol\u014bu are thinking about this possibility or not. For myself, I know that I hold Marra\u014bu knowledge, where our&hellip; <br \/> <a class=\"read-more\" href=\"https:\/\/marrangu.cdu.edu.au\/index.php\/about-the-project\/\">Read more<\/a><\/p>\n","protected":false},"author":2,"featured_media":0,"parent":0,"menu_order":0,"comment_status":"closed","ping_status":"closed","template":"","meta":{"footnotes":""},"class_list":["post-60","page","type-page","status-publish","hentry"],"_links":{"self":[{"href":"https:\/\/marrangu.cdu.edu.au\/index.php\/wp-json\/wp\/v2\/pages\/60","targetHints":{"allow":["GET"]}}],"collection":[{"href":"https:\/\/marrangu.cdu.edu.au\/index.php\/wp-json\/wp\/v2\/pages"}],"about":[{"href":"https:\/\/marrangu.cdu.edu.au\/index.php\/wp-json\/wp\/v2\/types\/page"}],"author":[{"embeddable":true,"href":"https:\/\/marrangu.cdu.edu.au\/index.php\/wp-json\/wp\/v2\/users\/2"}],"replies":[{"embeddable":true,"href":"https:\/\/marrangu.cdu.edu.au\/index.php\/wp-json\/wp\/v2\/comments?post=60"}],"version-history":[{"count":4,"href":"https:\/\/marrangu.cdu.edu.au\/index.php\/wp-json\/wp\/v2\/pages\/60\/revisions"}],"predecessor-version":[{"id":75,"href":"https:\/\/marrangu.cdu.edu.au\/index.php\/wp-json\/wp\/v2\/pages\/60\/revisions\/75"}],"wp:attachment":[{"href":"https:\/\/marrangu.cdu.edu.au\/index.php\/wp-json\/wp\/v2\/media?parent=60"}],"curies":[{"name":"wp","href":"https:\/\/api.w.org\/{rel}","templated":true}]}}